
-23
What is the value of (-25 + -4 - (63 + -32)) + -9?
-69
What is the value of -69 + 52 + -31 + 67?
19
Calculate 40 + 5 + (7 - 13) + (49 - 39).
49
Calculate 6 - -13 - (1 + 13 + -9 + -6).
20
16 + 2 - ((-43 - -24) + 38)
-1
What is -49 - (2 - 25 - (417 + -419))?
-28
53 - (19 + -38 + 9) - (1 + 10)
52
Evaluate 4 - ((-457 - -487) + (24 - -1)).
-51
Evaluate 98 + -47 + -27 - 39.
-15
Evaluate -63 - (-151 + 28 + 30).
30
What is (-4 - -132 - (71 + -58 + 10)) + 21?
126
What is (67 - 1) + (-76 - 6)?
-16
Evaluate 16 + (-5 - (-60 + 76)).
-5
21 + 6 + 4 + -15 + 7 + 12
35
Evaluate 4 - (61 + -53 - (-8 + -3 - (2 - 3))).
-14
What is the value of 91 + -11 - (-15 - (1 + 14 + -8))?
102
Evaluate (-18 + -10 + 33 + 11 - 78) + -16.
-78
Calculate -115 + 110 - -84 - 106.
-27
Calculate -8 + -42 + 7 - -12 - -31.
0
Calculate -19 + (25 - -69) - (0 + 10).
65
What is the value of 12 + -75 + 3 + 1 + (90 - (101 - 3))?
-67
Evaluate 7 - (2 + -4 - -2) - -1.
8
Calculate -12 + -21 + 12 - (-39 - -65).
-47
Calculate 51 - (-4 + 11 + -7 + 5 + -7) - 1.
52
-10 + (0 + 76 - (-8 + 8 + -1))
67
Evaluate 23 - 35 - (129 - 96) - -29.
-16
Calculate 54 - -29 - 51 - 17.
15
What is -5 - (-19 - -5 - -1) - ((10 - 2) + -1)?
1
Evaluate 69 - -11 - 199 - -218.
99
What is the value of 6 + -65 - (-15 - -6) - (-1 + -8 + -1)?
-40
258 - 70 - 86 - 73
29
What is the value of -88 - (23 - 44 - -5 - -65)?
-137
Calculate 44 + -9 + (0 - 16 - -15) + -4.
30
-18 + 29 + (-8 - 6 - 5) + 6 + -6
-8
Evaluate 11 + (-51 - (-24 + -21)) + (-1 - 13).
-9
What is the value of 48 + (1 - (2 + -9 + -4 + (15 - -2)))?
43
What is the value of (-11 - -12) + (-28 - 5 - 3) - (1 + 0)?
-36
2 - -12 - (43 - (-13 + -19)) - 2
-63
What is the value of -26 + ((173 - 188) + (2 - -13) - 9)?
-35
Evaluate (-2269 - -2229) + 1 + (1 - (3 + -1)).
-40
Calculate (11 - (-19 - -16)) + -52.
-38
Evaluate 0 + 0 + 106 + (-78 - (-30 - 68) - 18).
108
Calculate -37 - -1 - (-59 - (23 - 50) - -21).
-25
Evaluate 150 + (97 - 29 - 135).
83
Evaluate -55 + (-12 - (-64 + -38)).
35
What is the value of -7 + 36 - -10 - 45?
-6
Calculate (-32 + -2 + 26 - -7) + 71.
70
What is the value of -8 - ((11 - 7) + (4 - 3) - 21)?
8
(13 - 12 - (-37 - 12)) + 5 + (-5 - 6)
44
Calculate -32 + 19 + -37 + 91.
41
Evaluate 3 - -13 - ((21 + -26 - 4) + 0 + 0).
25
(179 - (-31 - -128)) + 33
115
Evaluate -9 + (85 - 23) + -30 - (2 + -16).
37
What is -47 + 56 + 60 - 50?
19
506 + -591 + (0 + 1 - (32 - 37))
-79
Calculate -50 + 1 + -72 + 67 + 13 + 6 + -6.
-41
Calculate (-10 - 1) + -1774 + 1775 - (-2 + 4 + 19).
-31
Calculate (119 - -11) + 9 + 2 + 20 + -10 + -8.
143
Calculate 21 + -32 + 80 + (-22 + 18 - -3).
68
What is the value of (4 - -21) + -16 - ((8 - 13) + -17)?
31
What is 2 + 112 + ((9 - -25) + -18 - (11 - 4))?
123
What is (0 - 16) + 15 + -41 - (-5 + 7 + -4)?
-40
Calculate 94 - (36 - -37 - 18).
39
Calculate -29 - (-68 - (-14 + 53 - 31)).
47
Calculate (-6 - (-1 - (-3 - -5))) + 22 + -11 + 21.
29
13 + -2 + 2 + -71 + -5 + 145 + -166
-84
What is 20 - 0 - (-405 + 438)?
-13
-125 + -17 + 16 + 46 - (7 + 0)
-87
What is the value of 38 + 38 + 53 + -101?
28
Calculate 23 - 1 - (10 + -7 + (-7 - 0) + 4).
22
What is the value of 1 - 16 - (-16 - (47 + (-27 - -21)))?
42
Evaluate (-1 - 6) + -42 - (-20 - (18 + -58)).
-69
What is the value of -3 + 2 - (-105 - -87) - 5?
12
What is the value of ((-8 - -9) + (2 - 2) - -49) + (2 - 10)?
42
Evaluate -10 - (2 - (23 - 2 - -8)).
17
What is 79 - (0 + -18 + 47 + -44 + 2)?
92
What is the value of -6 + (-7 - -78) + (-16 - -13) + (-2 - -14)?
74
Calculate (307 + -316 + 1 + 12 - -18) + 11.
33
What is 58 + -18 + 3 + -7?
36
What is -14 + 0 + (-2 - (-1 - 4)) + 25?
14
Evaluate 17 - (7 - (6 - ((-13 - -5) + -2))).
26
Evaluate 2 - (85 - -4 - 7).
-80
Evaluate -13128 - -13177 - (124 - -1).
-76
What is (50 - -1 - (312 - 307)) + 82?
128
Evaluate 72 + (1 - 0 - (-1 - -7) - (2 - 13)).
78
Evaluate -130 + 24 - -48 - -4.
-54
Calculate -11 + (-11 - -9) - (5 + -10 + 4).
-12
What is the value of -2 + -73 + (-24 - -43) - -18?
-38
Calculate 4 - (20 + 5 - 18) - -13.
10
Evaluate -34 - 0 - (35 + (6 - 16) + -25).
-34
What is -6 - -1 - (-31 - 1) - (-29 + 28)?
28
(6 - (5 + -1 - -50)) + (-5 - -6 - -4)
-43
What is the value of 59 + -36 + (-8 - -40 - 46)?
9
Calculate -4442 + 4590 - (1 + 112).
35
Evaluate -4384 - -4386 - ((3 - 2) + 16).
-15
What is (14 + (5 - 34) - -62) + (0 - -7)?
54
Calculate 23 + ((-13 - (-5 - -4)) + (1 - 0) - -24).
36
What is the value of 108 - (-20 + 10 - -9) - (-6 - (-19 - 0))?
96
Evaluate (0 - (-10 + 9 + 11 - 17)) + -7 - 7.
-7
Calculate 0 + -123 + (294 - 278).
-107
Calculate (-1 - -78) + (119 - 128) + 11.
79
Calculate -26 + (11 - (34 - (-11 - 6))).
-66
Calculate (85 - (33 + -15)) + -81.
-14
Calculate (-13 - -5) + 30 + (-15 + 44 - 16).
35
What is 57 + ((-10 - 13) + (-3 - -17 - 1) - -19)?
66
Calculate -45 + 127 + -45 - 15.
22
Evaluate -2 + 9 + 0 + (39 + -22 - -16) + -117.
-77
Calculate -36 + 21 + 56 + (-11 - (-12 + 5)).
37
Evaluate -45 + 41 - -71 - (1 + 7).
59
What is (-8 + 0 - (13 - 9)) + (9 + -48 - -112)?
61
47 + (3 + (13 - 8) - 9) - 7
39
What is the value of 18 + (-10 - -3) + -8 - (1 - 35)?
37
Evaluate 59 + (-26 - (66 - 64)).
31
Calculate 1 - (2 + 29 - (565 - 563)).
-28
Calculate -205 - -157 - (-17 - -57).
-88
What is the value of (-7 - (0 - -25)) + (-179 - -305)?
94
Evaluate (3 - (1 - -1)) + -1 - (17 + 10).
-27
Evaluate 194 + (-97 - (33 + -69)).
133
Evaluate 12 + (-1 - -5 - 3) + 2 + (-316 - -323).
22
What is the value of -42 + -34 + 25 + 152?
101
What is -2 + (0 + 2 - 91) - (-16 - 0)?
-75
46 + 0 - (-3 + -14 + 17)
46
What is 263 - 206 - (-11 - -122)?
-54
8 + -5 + 5 + -13 + 13 + -35 + 9
-18
Evaluate -24 + (19 - 41) + 61 + (-28 - 0).
-13
Calculate (8 - 2) + -2 + 0 - (2404 + -2407) - -52.
59
What is (-35 + 29 - -15) + (-48 - (-2 + 3)) + 6?
-34
-37 + -44 + 111 - -26 - 21
35
(-36 - (22 - 17)) + 63 + (-9 - 0)
13
What is 0 + -43 - (11 + (-8 + 14 - 26))?
-34
Evaluate -328 - -294 - (-3 + -36).
5
Evaluate 80 + -60 + -47 - 19.
-46
What is -3 - 76 - (27 - (-95 - -134))?
-67
What is (1073 - 1093) + 8 + 0?
-12
Evaluate 314 + -350 - (6 - -2).
-44
(-9 + -3 - (38 + -21)) + -16
-45
Evaluate 10 + -27 + -21 - (-1 - -2).
-39
What is -79 + 48 + -9 - (26 - 10)?
-56
7 + (-24 - -13 - -11 - 0)
7
What is -3 - -47 - ((-8 - 7) + (-51 - -64))?
46
Calculate -153 + 60 - -39 - 36.
-90
Evaluate ((-4 - -3) + -1 + -4 - 1) + 1181 + -1116.
58
Evaluate (10 - 5 - 75) + (33 - 19 - 16) - -6.
-66
What is the value of 77 + (59 - 146) - (8 - -1)?
-19
What is -44 + (19 - -51) + 32?
58
What is the value of (-369 - -400 - 64) + (-1 - 36)?
-70
Evaluate 29 - (-17 + -1 + -177 + 181).
43
Calculate 8 - -1 - (-3 + 1 + -55 + -19 + 50).
35
(23 - (166 + -82)) + 33
-28
Calculate -4 + (54 - 32) + -22 + (-2 - (2 + 50)).
-58
What is the value of -48 - (-10 + 2 - (10 + -7 - 8))?
-45
What is (182 - 119) + 5 + 0 + 5 + -19?
54
Calculate 2463 + -2523 - (0 + -1 + -3 + -2).
-54
Evaluate (-1 + -88 - ((13 - (8 + 8)) + -4)) + -6.
-88
-33 - -1 - (5 + 2 + (-66 - -35) + 14)
-22
Calculate -50 + 6 + -2 - 64.
-110
Calculate 866 + -856 - ((1 - -3 - 31) + 1 + -3).
39
31 - (46 - (-16 - -44) - -52)
-39
What is (13 - (7 + 3) - -5) + -8 + 3 + -2?
1
What is -3182 + 3183 - (-5 + -1) - (-1 - -58)?
-50
What is the value of 7 - -4 - (-50 + 51 + -63)?
73
What is the value of -140 - (-43 - 22) - -7?
-68
7 + 151 - (27 - -68)
63
What is the value of (-28 - -17 - 1) + 14 + (-1 - -4)?
5
-2 + (10 - -9 - (4 + -16 + 1))
28
What is (31 - (15 - -15)) + 0 + -8?
-7
(-35 - (28 + -60)) + 5 + 0 + 2
4
What is the value of 4 + -3 + -7 + (-17 - (-16 + 29))?
-36
Evaluate (9 + (0 + 1 - 11) - -4) + 19 + 8.
30
What is (48 - (1 - 0)) + -3025 + 3040?
62
78 - (-40 + -2 + 59)
61
38 + 35 + (-42 - -8) - (-3 - (1 + -3))
40
(-2041 - -1973) + 0 + 38
-30
Calculate -4 + -39 + (18 - 23 - -12) + 3.
-33
What is (177 - (-269 + 449)) + (-117 - (-3 - -2))?
-119
(31 - (-7 + 5 - -8)) + -1
24
Calculate (-45 - 3 - -62) + (-12 - 74).
-72
-37 - (8 - ((-4 - (1 - 13)) + 5))
-32
What is (-5 - -9) + -10 - (-10 - -6 - 0)?
-2
1 + (-13 - (4 + -5)) + -1542 + 1570
17
(-80 - -191) + -125 + (47 - (1 - 1))
33
Calculate -191 + 165 - (8 + -9 - -71).
-96
What is the value of (4 - (14 - (28 + -5))) + -18 + (53 - 0)?
48
What is the value of 79 - (-4 + 12 - (257 - 227))?
101
(55 - (-51 + 174)) + (-8 - -10)
-66
11 - ((-2 - -4) + 54 + -67)
22
2 +